z + 11 = -5*l + 29, 2*z - 21 = -x*l. Calculate u(z).
1
Let t(h) = -2*h**3. Suppose -3*k + 13 = -2*o, -3*o + 6 = k - 2. Calculate t(o).
-2
Let o(i) = i**2 - i - 2. Let r(q) be the first derivative of -q**4/4 - 8*q**3/3 - 7*q**2/2 + 4. Let s be r(-7). Give o(s).
-2
Let v(t) be the first derivative of t**5/20 - t**4/2 + t**3/6 + t**2/2 - 3*t - 2. Let s(x) be the first derivative of v(x). Calculate s(6).
7
Let o(d) = 4*d**2 - 33*d + 19. Let a(i) = -i**2 + 8*i - 5. Suppose -3*n - 2*p + 2 = 0, 4*p - 3*p - 14 = 5*n. Let q(w) = n*o(w) - 9*a(w). What is q(5)?
2
Suppose -4*o = 5*w + 13, -5*o = -0*o + 2*w + 12. Let q(d) = -9*d. Let p(k) = -4*k. Let i(f) = -7*p(f) + 3*q(f). What is i(o)?
-2
Let t(i) = i**2 - 6*i + 6. Suppose 5*a + 3*k - 33 = 0, -3*a + 0*a + 4*k = -14. What is t(a)?
6
Suppose 3 + 11 = u - 2*c, 4*u = 2*c + 26. Suppose 8*b - 3*b = 0. Let j(l) = b*l - l - u - 4*l**2 + 3. What is j(-1)?
-4
Let j(r) = -1. Let f(s) = s + 1. Let l(u) = -f(u) - 5*j(u). Determine l(6).
-2
Suppose 24 = 3*w + 42. Let j(g) = -g**3 - 5*g**2 + 7*g + 5. Calculate j(w).
-1
Let s(c) = -3*c + 5. Let l(k) = k - 1. Let u(j) = -9*l(j) - 2*s(j). Determine u(4).
-13
Let z(l) be the second derivative of l**6/120 + l**5/15 - l**4/12 - l**3/3 - l**2/2 + 2*l. Let n(o) be the first derivative of z(o). Give n(-4).
6
Suppose -y - 4 = -0. Let l(u) be the first derivative of -u**4/12 - 2*u**3/3 - 2*u**2 - 3*u - 3. Let a(i) be the first derivative of l(i). What is a(y)?
-4
Let n(b) be the second derivative of 0 - 1/6*b**4 + 0*b**2 - 2*b + 1/3*b**3 + 1/24*b**5 - 1/360*b**6. Let a(z) be the second derivative of n(z). What is a(5)?
-4
Let c(w) = -4*w - 9. Let m be c(-6). Let s = -11 + m. Let q(x) be the second derivative of x**4/12 - 2*x**3/3 + x**2 - x. Give q(s).
2
Suppose f + 1 = 3*o - 3, -9 = -3*o. Suppose -f*j = -j - 16. Suppose 0*s + 12 = -j*s. Let c(v) = -v + 3. Determine c(s).
6
Suppose -3*c + 6 = 0, -5*f - 3*c - 1 + 2 = 0. Let x(n) be the first derivative of n**4/4 + 2*n**3/3 - n + 1. Determine x(f).
0
Let k(t) = -3*t**2 + 5 + 5 - 3*t**2 - 7*t + 5*t**2. What is k(-8)?
2
Let n(v) = -v**2 - v + 4. Let g = -4 - -7. Calculate n(g).
-8
Let w(g) = g + 2. Let f be ((-6)/9)/((-4)/18). Suppose 2 + 1 = -f*y. Determine w(y).
1
Let d(s) be the third derivative of s**5/60 - s**4/4 - s**3/3 + 6*s**2. Calculate d(5).
-7
Suppose 4*j - 40 = -0*j - 4*r, 5*j - 46 = -4*r. Let a(m) = 5*m**2 + 0 + 0*m**3 - j + m - m**3 + 1. Let n be a(5). Let u(y) = y**2 + 1. Determine u(n).
1
Suppose -2*t - 6 = -4*t. Suppose -x = 2*m - 4 - 4, -20 = -5*m - 2*x. Let a(y) = m - 2*y + 3*y - y**2 - t. Calculate a(-2).
-5
Let c(m) be the second derivative of m**4/12 - 2*m**3/3 + 3*m**2 - 10*m. Calculate c(4).
6
Let y(o) = -o**3 - 7*o**2 - 6*o - 6. Suppose 0 = -2*z - 48 + 36. Give y(z).
-6
Let t(g) = 6*g**3 + 9*g**2 - 8*g + 11. Let f(u) = -7*u**3 - 10*u**2 + 9*u - 12. Let s(y) = 5*f(y) + 6*t(y). Calculate s(-5).
-4
Let l(k) be the third derivative of -k**7/840 - k**6/72 + k**5/120 + k**4/24 + k**3/3 + k**2. Let x(v) be the first derivative of l(v). Give x(-5).
-4
Suppose f - 25 = -4*f. Let x(q) be the second derivative of q**4/12 - q**3 - q**2 - 4*q. Determine x(f).
-7
Let w(i) be the first derivative of -9*i**4/4 - i**2/2 - 11. Determine w(-1).
10
Let h(p) = -2 - 4*p - 6*p**2 - p**3 - 4 - 4*p - 1. Calculate h(-5).
8
Let d(p) be the second derivative of 1/12*p**4 - p**2 + 0 + 4*p - 5/6*p**3. Let k(j) = j**2 - j + 5. Let b be k(0). Give d(b).
-2
Let o(i) be the first derivative of 2/3*i**3 - 1/4*i**4 + 0*i + 7 + 2*i**2. What is o(3)?
3
Let k = -13 - -16. Let b(a) = -k + 0*a**2 - a + 4*a + 2*a**2. Determine b(-3).
6
Let c(i) = -i**3 - 4*i**2 + 7*i. Let y = -22 + 33. Suppose 4 + y = -3*w. Determine c(w).
-10
Let o(u) = -2*u**2 - 2. Suppose 5 - 1 = 2*k. Determine o(k).
-10
Let o(v) = -4*v + 30. Let j be o(7). Let n(i) = -2*i + 2. Give n(j).
-2
Let n(r) = -21 - 5*r**2 - 2*r + r**3 + 10 + 13 + 4*r. What is n(4)?
-6
Let s(b) = b**2 - 5*b + 7. Let a be s(3). Let f be (a - (3 - 4)) + -6. Let l(t) = t**2 + 2*t - 4. Calculate l(f).
4
Let s(t) = -16*t**3 + t**2 + t - 1. Let m be (-3*3/(-36))/((-6)/(-24)). What is s(m)?
-15
Suppose -o = 0, -5*o + 3 = -3*q - 3. Let g(u) = u**2 + 4*u + 3. What is g(q)?
-1
Let f(p) be the third derivative of -p**6/60 + p**5/30 - p**4/24 - p**3/3 + 12*p**2. What is f(2)?
-12
Suppose 2*f + 2 = r, 0*r - 2*r = 3*f + 3. Let x(o) = -7 + o**2 + r*o + 3 + o + 3. Suppose 7 - 17 = -5*d. Give x(d).
5
Let y(k) be the third derivative of 0*k + 5/24*k**4 - 1/3*k**3 + k**2 - 1/60*k**5 + 0. Give y(6).
-8
Let i(l) be the third derivative of -1/60*l**5 - 1/3*l**4 + 0*l + 0 - 3/2*l**3 - 8*l**2. Give i(-6).
3
Let s = 17 - 14. Let j(b) be the second derivative of s*b + 1/12*b**4 + 0*b**3 - 2*b**2 + 0. Give j(-3).
5
Let q = 9 + -13. Let l(p) = -17*p**2 - 2*p + 17. Let z(u) = -6*u**2 - u + 6. Let j(k) = q*l(k) + 11*z(k). Let y be 46/14 - 2/7. Give j(y).
7
Let f(h) be the second derivative of h**3/6 + h**2/2 - 4*h. Suppose -4*z + 4 + 8 = 0. Let p(r) = r**2 - 3*r - 4. Let t(b) = z*f(b) + p(b). Determine t(2).
3
Let x(c) = -7*c - 2 + c + 4*c + 0*c. Give x(2).
-6
Let k(b) = b**2 + 3*b + 2. Let r be k(-2). Let o = r + -2. Let w(j) = 8*j + 4. Let i(l) = -4*l - 2. Let f(x) = -11*i(x) - 6*w(x). Calculate f(o).
6
Let m(j) = j + 5. Let d = -8 + 3. Let a be m(d). Let q(p) = p**3 - p**2 - p + 7. Determine q(a).
7
Let o(a) = a**3 + 4*a**2 - 2*a - 6. Suppose -2*b - 4*p = 10, -b = 4*b - 2*p + 1. Let d = b - 3. What is o(d)?
2
Let n(y) = y + 28 - 15 + y**2 - 11. Calculate n(3).
14
Let s(b) = 12*b + 20 + 6*b**2 - 5*b**2 - 8 - 2*b. Give s(-9).
3
Let m(y) = -2*y**2 - 5*y - 4. Suppose -4*s = w + 23, 5*s - 2*s + 6 = 3*w. Determine m(w).
-7
Let s(k) = -7*k - 1. Suppose -4*n + 2 - 6 = 0. Let c be 1/1*1*n. What is s(c)?
6
Let w be ((-6)/8)/(3/(-12)). Let f(o) = 2 + o - w*o - 4. Determine f(-4).
6
Let w(z) = -z**2 + 5*z + 3. Let a be w(5). Suppose -a*y + 2*y = -5. Suppose -y = -2*d + 1. Let o(f) = f**3 - 2*f**2 - 2*f - 2. What is o(d)?
1
Let j(l) = -l**2 - 1. Let d = 15 - 25. Let o be (-6)/(-15) + 4/d. Suppose o - 8 = 4*i. Give j(i).
-5
Let i(g) = g**3. Let f be 1/(-1*(4 - 3)). Let o(l) = -3*l**3 + 3*l**2 - l - 2. Let h(c) = f*o(c) - 4*i(c). Give h(-3).
-1
Let j be (-4)/(-6) - (-44)/6. Let u = j - 5. Let y(k) = 3*k + u - 3 - 1. Calculate y(3).
8
Let k = 23 + -22. Let w(h) = -1 - 1 + h + k + 2. Give w(6).
7
Let w(t) = t - 6. Let y be (-28)/98 - 2/(-7). Calculate w(y).
-6
Let t(y) = -8*y**2 - 11*y + 7. Let n(w) = 17*w**2 + 10*w - 14 + 13*w - 2 + 1. Let p(s) = 6*n(s) + 13*t(s). What is p(-4)?
-11
Let u be (-3 - 1)/(6/(-3)). Suppose -u*b = b - 3. Let t(f) = 4*f + 0*f - b - 3*f + f**2. Calculate t(-1).
-1
Let h(w) = 0 - w + 4 + 5 - 6. Determine h(0).
3
Let b(o) = 3*o**2 - 15*o - 16. Let l(k) = 14*k**2 - 61*k - 65. Let a(g) = -9*b(g) + 2*l(g). What is a(-12)?
2
Let t = 291 - 290. Let z = 2 - 2. Let l(d) = 2*d**2 - 1 + 0*d**2 + 2*d + z*d**2. Calculate l(t).
3
Suppose -4*o + 68 = 48. Let x(m) = 5*m + m**3 + 6 + 0*m - 6*m**2 + 0. What is x(o)?
6
Let g(f) be the first derivative of -2*f**3/3 + 5. Determine g(-1).
-2
Suppose -4*c + 5*s - 10 = -3, 4*c + 22 = 2*s. Let k(j) = -j**3 - 7*j**2 + 9*j + 3. Give k(c).
-5
Let m(g) = -3 - 5*g**2 - 5*g + 10*g**2 - 6*g**2. Calculate m(-4).
1
Let j(n) be the second derivative of n**3/6 + 2*n**2 - n. Let m(h) = -h + 5. Suppose 2*f - 48 = -5*o + 4*f, 0 = o + 2*f - 12. Let u be m(o). Calculate j(u).
-1
Let d = 1 + -1. Suppose 0*h - 3*h + 4*w = -8, 2*h + 2*w - 10 = d. Let t(p) = 2*p - 1 - 4 + p**3 - 5*p**2 + 3*p. Determine t(h).
-1
Let t = 18 + -15. Let v(z) = z + t - 8 - 2*z + 7. What is v(6)?
-4
Let z(f) be the third derivative of -f**4/24 + f**3/3 + 2*f**2. Let g = 95 + -91. Determine z(g).
-2
Let v(g) = -g**2 - 4*g. Let o(h) = -h - 1. Let f be o(-3). Let k(y) = y**2 + 3*y. Let x(m) = f*v(m) + 3*k(m). Determine x(-1).
0
Let y(w) = w**2 + 2*w - 3. Let h(p) = -p + 12. Let d be 24/2 + (-10)/5. Let r be h(d). Determine y(r).
5
Let c = 54 + -49. Let g(b) = b**3 - 5*b**2 - 3*b + 3. Determine g(c).
-12
Let o(j) = 7*j - 1. Suppose -4*k - 3*p - 8 = 0, 1 = -4*k - 4*p - 3. Let f = 4 + k. Determine o(f).
-8
Let g = 0 - -5. Let b(x) = 0 - g*x**2 - 5*x - 3 + 4*x**2 + 2*x. Calculate b(-3).
-3
Let m(a) = -5*a. Suppose -6 = -5*k - 1. Calculate